derivative of -o**6/360 - o**5/60 - o**4/12 + o. Let m(x) be the third derivative of j(x). Give m(b).
-6
Let q(o) be the second derivative of -1/2*o**2 - 4*o + 0 - 1/6*o**3. Give q(4).
-5
Let i(h) be the third derivative of h**4/6 - 5*h**3/6 + h**2. Let k(q) = q - 1. Let r(b) = 2*i(b) - 9*k(b). Determine r(5).
-6
Let o(h) = h**2 - 8*h - 8. Let l = 41 - 32. What is o(l)?
1
Let q(l) = 2*l**3 + 25*l**2 + 21*l + 17. Let a(d) = d**3 + 13*d**2 + 11*d + 9. Let t(b) = 11*a(b) - 6*q(b). Give t(-6).
-9
Let s(r) be the first derivative of r**5/20 - r**4/2 + r**3 - 3*r**2 + 4*r + 5. Let w(p) be the first derivative of s(p). Determine w(5).
-1
Let n(f) = f**2 + 10*f + 2. Let i be n(-7). Let x = i - -17. Let b(r) = 3*r + 1. What is b(x)?
-5
Let u(t) = t**2 - 1. Suppose -3*h - 5*j = -20, -8 = 4*h - 5*h - 2*j. What is u(h)?
-1
Let a(h) be the second derivative of -3*h + 0*h**2 + 1/6*h**3 + 0. Let t be (0 - 0)/(0 - -1). What is a(t)?
0
Suppose 2*u = 4*u - 8. Suppose -5 = -k - u*k. Let s be k/2*0/(-4). Let m(d) = d**3 + d**2 - d + 1. Determine m(s).
1
Let m(a) = 5*a**3 - a**2 + a - 2. Let u be m(1). Let n(t) = -2*t**2 + t + 4. Give n(u).
-11
Let p(z) = -4*z**2 - 3*z + 28. Let c(a) = a**2 + a - 7. Let n(h) = 9*c(h) + 2*p(h). Determine n(-5).
3
Let v(j) = 5*j - 5. Suppose c - 2*i - 10 = 0, 2*c + i = 4*c - 11. Calculate v(c).
15
Let k(y) = 21*y + 19*y - 41*y - 1 - 6. Determine k(-11).
4
Suppose 4*f - 5*v = -v + 4, f - 4*v = -11. Let o(r) = -r + 7. Let z be o(f). Suppose -5*i - 3 = z. Let x(p) = 8*p**2. Determine x(i).
8
Let w(r) be the third derivative of -r**4/24 + 7*r**2. Give w(-5).
5
Let g(z) = 0 - z - 12*z**3 - z**2 - 1 + 6*z**3. Determine g(-1).
5
Let o = -18 + 28. Let d(s) = -s**2 + 10*s + 8. Let x be d(o). Suppose 3*h - x = h. Let t(c) = -c**3 + 5*c**2 - 3*c + 5. Determine t(h).
9
Let y(s) be the second derivative of 1/2*s**2 - 5/6*s**3 + 1/20*s**5 + 0 + 2*s + 1/4*s**4. Suppose -3*q = 2*q + 20. Determine y(q).
5
Let l(s) = s - 5. Let p(q) = -q + 6. Let z(w) = -3*l(w) - 4*p(w). Calculate z(4).
-5
Let t(z) = z**2 + 4*z + 4. Suppose 3*f + 12 = 0, -f + 4 + 0 = 4*o. Suppose 1 = -d - o. Determine t(d).
1
Let n(w) = -w**3 + 3*w**2 - 4. Let a be (5/2)/(4/8). Suppose -m = -0*m - a*j + 12, -2*j = -5*m + 9. Let p = 6 - m. Determine n(p).
-4
Let m(k) = -3*k**3 + 15*k**2 - 7*k + 15. Let z(h) = -2*h**3 + 8*h**2 - 4*h + 8. Let i(n) = -3*m(n) + 5*z(n). Determine i(-5).
-10
Let v(p) = -p**3 + 2*p**2 + 5*p - 4. Let k be v(3). Suppose 3*w = -3*d + 15, k*w - 4*d - 3 = -23. Let m(n) = 6 - n - 3 - 4 + w*n. Give m(-3).
2
Let v(p) = 4*p - 26. Let l be v(8). Let x(i) = i**2 - 5*i + 5. Calculate x(l).
11
Let b be 1/3*45/(-5). Let c(h) = -h - 3. Determine c(b).
0
Let p(h) = 3 + 4*h**2 + 2*h**2 - 2 + 2*h. Give p(-1).
5
Let s(x) be the first derivative of -x**2 + 9. Suppose 5*b = -5*t - 5, -3*b = -0*b - 5*t + 35. Let j(l) = 4*l + 1. Let h(m) = b*s(m) - 3*j(m). What is h(-4)?
5
Let r(d) = 7*d**3 - 17*d**2 + d + 1. Let v(c) = 4*c**3 - 9*c**2. Let y(a) = -3*r(a) + 5*v(a). What is y(5)?
7
Let i(t) be the third derivative of -t**5/60 - 5*t**4/24 - t**3/2 - t**2. Let b(s) be the first derivative of s**2/2 - 6*s - 8. Let y be b(3). Give i(y).
3
Let t(a) = -6*a**2 + 7*a + 7. Let p(b) = -b**2 + b + 1. Let z(s) = -4*p(s) + t(s). Give z(3).
-6
Let c(b) = -4*b + 2. Let q(x) = -x + 2. Let z be q(5). Give c(z).
14
Let q = -5 - -10. Let x(w) = -w**2 + 3*w + 7. Let d be x(q). Let n(f) = -3*f + 2. Give n(d).
11
Suppose 0 = -j - j - 3*f + 13, 4*f = j - 1. Suppose a - 17 = -5*s, 4*a = -s - 5 + 16. Let b(r) = -4 - r - r**3 + a*r + 5*r**2 + r. Determine b(j).
6
Let b(j) be the third derivative of j**6/120 - j**5/120 + j**4/24 - 5*j**3/6 - 7*j**2. Let n(p) be the first derivative of b(p). Calculate n(1).
3
Let x(t) = t**3 - t**2 + t. Let c be x(0). Let l(z) = z + 6. Let s be l(-4). Let a(u) = 3*u**2 - 1 - u**3 + 0 - s*u**2. What is a(c)?
-1
Let v(k) = -k**2 + 4*k + 6. Let j(t) be the third derivative of t**6/60 - t**5/15 + t**4/6 - t**3/2 + 2*t**2. Let z be j(2). Determine v(z).
1
Let y(d) be the first derivative of -d**4/4 - d**3 - 3*d**2/2 - 2*d - 1. Give y(-3).
7
Let y = 4 + -2. Suppose 14 = y*n + 3*i, -n + 6*i - 3*i = 2. Let j(b) = b**2 - 2*b - 3. Determine j(n).
5
Let i(g) = g**3 - g**2 - g + 1. Let v(m) = 2*m**2 + m - 4. Let k(h) = -i(h) - v(h). Let b be k(0). Let n(q) = q**3 - 4*q**2 + 5*q - 3. Give n(b).
3
Suppose -5*f = 5 - 10. Let d(p) = -15*p**2 + p. Calculate d(f).
-14
Let a(p) = -2 + 317*p - 318*p + 0. Calculate a(0).
-2
Let m(j) = j. Suppose 2*n + 4*i = 8, 4*n + 3*i + 3 - 14 = 0. Suppose 2*u + 1 = -3*a, -n*u - 8 = a - 5*a. Let t be u/((-3)/((-30)/4)). Calculate m(t).
-5
Let r(b) = -b**3 + 19*b**2 + 19*b + 24. Let c be r(20). Let j(q) = -3*q + 2. Give j(c).
-10
Let o(p) = -10*p. Let i be o(-1). Suppose 3*k - i = 2*q + 2*k, 0 = 4*q + 2*k + 12. Let v(d) = -4*d - 6. Give v(q).
10
Let a(o) = -o**2 + 4*o - 2. Let j = 5 + -2. Let z(u) = u**2 - u - 1. Let k be z(j). Calculate a(k).
-7
Let g(r) = r**2 - 5*r + 5. Let v(x) be the second derivative of -1/2*x**3 - x**2 - x + 0. Let b be v(-2). Determine g(b).
1
Let f = 19 + -8. Let c be f/(-3) + (-4)/12. Let a(y) = -y**2 - 4*y - 2. Determine a(c).
-2
Let n be -5 - ((-4)/(-2) + -4). Let h = n + -1. Let t(m) be the second derivative of m**3/3 + 3*m**2 - 3*m. Determine t(h).
-2
Let z(h) = 2*h - 9. Let v be z(7). Let u be 7/2 + 1/2. Let o(j) = u + j**3 - 1 + 5*j - 3*j**2 - 3*j**2. Determine o(v).
3
Let w(h) be the first derivative of -3*h**4/4 - h**2 + h + 10. Let r = 4 + -3. Calculate w(r).
-4
Let k(r) = -2*r + 3. Let y(t) = t - 1. Let x(u) = k(u) + 3*y(u). Calculate x(-1).
-1
Suppose -7 = 4*i + 3*i. Suppose -4*g + 4*s = 16, -3*g + 0*s = 2*s - 13. Let w(z) = z**3 + g + 5*z - 5*z. Give w(i).
0
Let b(o) = 4*o**2 - 4*o + 3. Suppose -7*q + 8 = -3*q. Calculate b(q).
11
Suppose -2 - 4 = -x - 2*z, -4 = 4*z. Let l(m) = -m + 1. Give l(x).
-7
Let n = -32 - -65/2. Let t(z) be the first derivative of -n*z**2 - 3*z + 1. Give t(-5).
2
Let j(y) = 6*y**3 + y**2 - 1. Suppose 5*m + 4 = 44. Let b(a) = -a**3 + a**2 - a - 2. Let l be b(0). Let f be ((-4)/m)/((-1)/l). What is j(f)?
-6
Let z(s) = s**3 + 6*s**2 + 5*s + 4. Let x be z(-5). Let b(y) = -7*y**2 + 2 + 3*y**2 + 5*y + 3*y**2. Determine b(x).
6
Let o(g) be the second derivative of g**5/20 + g**4/12 - 2*g. Give o(-2).
-4
Let n = -12 + 15. Let d(p) = 4 - p - 1 + 2*p. Determine d(n).
6
Suppose 5*w + 6*s = 3*s - 14, 0 = 4*s - 8. Let y(l) = 1 - 2*l**3 + 3*l**3 + 8*l**2 + 5*l + 3 - 3*l**2. Calculate y(w).
0
Let w(t) = -t**2 + 5*t + 3. Let n(l) = 2*l + 1. Let u(k) = -11*n(k) + 4*w(k). Give u(2).
-19
Let n be (-15)/(-6)*(1 + -3). Let i(c) be the third derivative of -c**4/24 - 5*c**3/6 + 8*c**2. Calculate i(n).
0
Let c(k) be the second derivative of k**4/4 - k**3/6 - k. Give c(-1).
4
Let j(d) = 4*d**2 + 6*d - 5. Let v(o) = -o**2 + 1. Let g(z) = j(z) + 5*v(z). Let w(i) = -i**2 + 6*i - 2. Let l be w(4). What is g(l)?
0
Let x(m) = m - 1. Suppose -v - v - 8 = -n, 2*n + v - 1 = 0. Determine x(n).
1
Let m(r) = -r**3 + 3*r**2 + 2*r - 2. Suppose 0 = -2*z - s - 2*s + 4, z = -4*s + 2. Calculate m(z).
6
Let s(p) = 0*p + 2*p - p - 15 + 5. Let m = 3 + -1. Suppose -2*t + 20 = m*t. What is s(t)?
-5
Let v(j) = 3*j + j - 3*j. Let p(m) = -m**3 - 7*m**2 + 8*m - 1. Let o be p(-8). Let g(n) = n**2 + n - 5. Let d(f) = o*g(f) - 2*v(f). Calculate d(-5).
-5
Suppose -12*y - 98 = -14. Let h(m) = m + 2. Calculate h(y).
-5
Let u(z) be the first derivative of -z**5/60 + 5*z**4/24 + z**3 - z**2 + 2. Let y(h) be the second derivative of u(h). Determine y(6).
0
Suppose -2*f - 2*f = 2*r - 20, 10 = -r + 2*f. Let u be r + 3 + -2 - 0. Let g(s) = s**2. Determine g(u).
1
Let z(x) be the first derivative of 2*x**2 - 5*x + 2. Let u(a) = -7*a + 9. Let b = -14 - -8. Let s(p) = b*u(p) - 11*z(p). What is s(-2)?
5
Let g(n) = -n**2 + 5 - 2 + 1 - 4*n. Calculate g(-6).
-8
Let j(x) = -x + 1. Let m = -3 - -8. Let w = 7 - m. Let i be ((-1)/w)/(5/(-20)). Calculate j(i).
-1
Let g(y) be the first derivative of y**5/40 - y**4/24 + y**3/3 - 1. Let l(w) be the third derivative of g(w). Let u = -15 + 17. Determine l(u).
5
Let l(x) = -1 + 2*x - 2 + 3*x**2 + 0*x**3 - x**3. Suppose 0 = 5*i + 5, 4*u - 2 = -i - 35. Let v = u + 11. What is l(v)?
3
Let u(z) be the third derivative of z**6/120